k**2 - 10*k - 2. Calculate q(10).
-2
Let b(h) = h**2 - 11*h + 3. Give b(10).
-7
Let m(h) = h**2 + 10*h - 6. Give m(-10).
-6
Let u(r) = -63*r**2 - r - 1. What is u(-1)?
-63
Let n(z) = z**3 - 4*z**2 - 3*z - 2. Calculate n(6).
52
Let z(t) = t**3 - 3*t**2 - 5*t + 9. What is z(4)?
5
Let l(f) = -4*f - 19. Give l(-5).
1
Let y(h) = -12*h**2 - 14*h + 15. What is y(1)?
-11
Let k(s) = -s**2 + 26*s - 28. Calculate k(28).
-84
Let y(r) = -2*r**2 + 5*r + 19. What is y(-5)?
-56
Let v(f) = -11*f + 15. Give v(6).
-51
Let j(i) = -i**2 - 10*i + 30. Give j(-12).
6
Let l(r) = -r**3 - 14*r**2 - 15*r - 26. Determine l(-13).
0
Let v(k) = -k**3 - 14*k**2 - k + 5. What is v(-14)?
19
Let w(f) = -f**3 - 14*f**2 - 12*f + 9. Give w(-13).
-4
Let l(t) = -2*t**3 - 15*t**2 + 7*t - 9. Give l(-8).
-1
Let c(m) = -m**3 + 24*m**2 + 53*m - 29. What is c(26)?
-3
Let u(i) = i**2 + 5*i - 3. What is u(-4)?
-7
Let l(i) = 5*i. Calculate l(-6).
-30
Let k(c) = c**3 - 16*c**2 - 15*c - 36. Calculate k(17).
-2
Let v(o) = -3*o**2 + 5. Calculate v(2).
-7
Let c(l) = l**3 - 12*l**2 - 4*l + 5. Calculate c(12).
-43
Let q(j) = 2*j**2 - 3*j. Determine q(4).
20
Let h(q) = 2*q + 14. Determine h(-24).
-34
Let r(l) = 2*l**2 - 10*l + 5. What is r(5)?
5
Let o(q) = -10*q + 69. Determine o(9).
-21
Let q(l) = 24*l**2 + 142*l + 6. Give q(-6).
18
Let u(o) = -4*o**2 + 3*o + 6. Give u(-3).
-39
Let j(n) = -5*n - 24. Calculate j(-5).
1
Let c(q) = 38*q - 68. What is c(3)?
46
Let w(c) = -c - 2. What is w(1)?
-3
Let c(p) = 35*p - 1. Calculate c(-1).
-36
Let m(y) = -5*y + 29. What is m(7)?
-6
Let p(k) = -3*k - 1. Determine p(-6).
17
Let y(v) = 15*v + 1. Determine y(3).
46
Let i(y) = -y**3 - 15*y**2 - 20*y - 86. Give i(-14).
-2
Let g(b) = -9*b**3 + 4*b**2 - 3*b - 3. What is g(1)?
-11
Let a(s) = s**2 - s + 71. Give a(0).
71
Let h(g) = 17*g**2 - 2*g - 1. What is h(2)?
63
Let t(w) = -w**2 - 34*w + 739. Calculate t(15).
4
Let y(m) = 4*m - 81. Give y(18).
-9
Let q(t) = 4*t - 21. Calculate q(11).
23
Let v(i) = -7*i**2 - 3*i - 1. Give v(-3).
-55
Let h(q) = 23*q + 15. Calculate h(-3).
-54
Let m(u) = -u**3 + u**2 - 4*u - 1. Determine m(3).
-31
Let y(l) = -l**3 + l + 54. Determine y(0).
54
Let g(x) = -5*x**3 - 2*x**2 + 2*x - 2. What is g(2)?
-46
Let i(r) = -r**2 + 18*r + 49. What is i(20)?
9
Let i(k) = -k**2 - 9*k - 8. Determine i(-7).
6
Let a(c) = c - 36. What is a(0)?
-36
Let v(h) = -11*h + 85. Give v(7).
8
Let c(d) = -d**2 - 12*d - 9. What is c(-12)?
-9
Let h(w) = 8*w - 1. Give h(-3).
-25
Let r(v) = -v - 58. Calculate r(-25).
-33
Let f(v) = v**3 - 10*v**2 + 4*v + 8. Give f(10).
48
Let n(b) = b**3 - 8*b**2 + 8*b + 1. What is n(7)?
8
Let v(k) = k**2 - 8*k + 13. Calculate v(11).
46
Let j(i) = 4*i**2 + 5*i - 3. Give j(4).
81
Let n(c) = -2*c**2 - 6*c - 6. Give n(-3).
-6
Let r(b) = -b**3 + 2*b**2 + 38*b - 24. Give r(7).
-3
Let a(b) = -10*b - 3. Determine a(-4).
37
Let r(j) = j**3 - j**2 + 2*j + 13. What is r(0)?
13
Let c(y) = y**2 + 7*y - 41. What is c(-11)?
3
Let w(l) = l**3 + 11*l**2 - l + 16. Give w(-11).
27
Let z(k) = 24*k - 275. What is z(12)?
13
Let g(d) = -d**2 + 4. Calculate g(-4).
-12
Let m(c) = -37*c + 92. Determine m(3).
-19
Let o(j) = 2*j**3 + 5*j**2 - 4*j + 4. What is o(-5)?
-101
Let f(b) = -2*b**3 + 2*b - 3. Determine f(-2).
9
Let u(m) = m**2 + m - 4. Calculate u(-4).
8
Let g(p) = p**2 - 10*p + 9. What is g(14)?
65
Let q(t) = 26*t - 146. Calculate q(6).
10
Let z(h) = 7*h**3 + h**2 - h - 2. What is z(-2)?
-52
Let m(v) = v**3 - 3*v + 1. Give m(3).
19
Let l(g) = 4*g + 51. What is l(-17)?
-17
Let m(i) = i**3 - 6*i**2 - 5*i - 25. Determine m(7).
-11
Let p(u) = 3*u + 6. Calculate p(-2).
0
Let h(r) = 2*r - 9. Determine h(3).
-3
Let u(s) = s**3 + 6*s**2 + 5*s + 2. Give u(-4).
14
Let n(s) = s - 12. Give n(18).
6
Let a(s) = -s**2 - 4. Calculate a(3).
-13
Let r(j) = -j**2 - 14*j - 18. What is r(-13)?
-5
Let n(s) = -8*s**3 + 6*s**2 - 10*s + 2. Determine n(1).
-10
Let v(m) = -m**2 - 3*m + 19. What is v(-5)?
9
Let a(d) = -d**2 + 57*d - 633. Give a(15).
-3
Let k(i) = -i**3 - 9*i**2 - 3*i - 27. Determine k(-9).
0
Let a(z) = z**2 + 8*z - 12. Calculate a(-10).
8
Let n(x) = -2*x + 2. Determine n(-6).
14
Let g(f) = f - 9. Give g(20).
11
Let l(o) = o**2 - 14*o + 68. Give l(9).
23
Let a(h) = -h**2 - 11*h + 3. Determine a(5).
-77
Let p(x) = -x**3 + 8*x**2 - 13*x + 9. Determine p(6).
3
Let m(x) = 14*x + 5. What is m(-8)?
-107
Let b(l) = l**3 + 4*l**2 - 4*l - 15. Determine b(-4).
1
Let s(w) = 4*w**3 + 15*w**2 - w - 2. What is s(-4)?
-14
Let u(r) = 2*r**2 + 3*r + 3. Give u(-2).
5
Let s(y) = y**3 + y**2 + 3. Calculate s(2).
15
Let c(g) = g**2 + 16*g + 51. Give c(-14).
23
Let f(z) = -z**3 - 4*z**2 + 3*z + 1. Calculate f(-5).
11
Let c(a) = -a**3 + 3*a**2 + 3*a - 4. Calculate c(5).
-39
Let u(m) = -m - 17. Calculate u(-3).
-14
Let f(q) = -2*q**2 + 7*q - 3. Calculate f(6).
-33
Let t(s) = -2*s**2 - 3*s + 33. Determine t(-9).
-102
Let a(h) = -3*h**2 - 18*h + 36. Determine a(2).
-12
Let c(y) = y**3 + 12*y**2 - y - 4. Determine c(-12).
8
Let h(j) = -3*j**3 + 2*j - 3. What is h(2)?
-23
Let y(t) = t**2 - 15*t - 3. What is y(13)?
-29
Let a(h) = 3*h - 5. Determine a(-6).
-23
Let p(b) = b**3 - 30*b**2 - 33*b + 30. Give p(31).
-32
Let k(s) = -2*s + 137. Calculate k(0).
137
Let v(y) = 2*y - 19. Give v(-1).
-21
Let v(o) = 17*o**2 + 8*o + 5. Give v(-2).
57
Let c(x) = -5*x**3 + 2*x - 1. Calculate c(1).
-4
Let n(k) = 11*k + 1. Determine n(-3).
-32
Let l(k) = -2*k + 7. Determine l(6).
-5
Let o(u) = -6*u**3 - u**2 + 1. Give o(-1).
6
Let d(f) = -f**3 + 7*f**2 - 12*f + 14. Calculate d(7).
-70
Let l(h) = 3*h**2 - 19*h. Calculate l(7).
14
Let v(n) = -n**2 + 2*n + 10. Determine v(8).
-38
Let z(g) = g**3 - 6*g**2 - 6*g + 1. Determine z(7).
8
Let x(h) = -4*h + 54. What is x(14)?
-2
Let f(p) = -p**3 - 5*p**2 - 4*p + 4. Determine f(-3).
-2
Let v(n) = -n**2 + 19*n - 26. Give v(18).
-8
Let l(i) = i**3 + 33*i**2 + 38*i + 190. Give l(-32).
-2
Let s(t) = -t**3 + 9*t**2 - 2*t - 5. What is s(6)?
91
Let v(z) = z**3 + 3*z**2 + z - 2. What is v(-2)?
0
Let p(r) = -2*r**2 + 3*r + 14. Give p(7).
-63
Let s(q) = q**2 - 7*q + 27. Calculate s(14).
125
Let f(b) = -49*b - 281. What is f(-6)?
13
Let p(d) = d**3 - 21*d**2 - 20*d - 44. Give p(22).
0
Let m(j) = -6*j**2 - 8*j + 3. Give m(-2).
-5
Let b(x) = -x**2 + 6*x - 5. What is b(6)?
-5
Let u(k) = 9*k. Calculate u(6).
54
Let p(i) = i**2 - 9*i - 13. Calculate p(11).
9
Let r(l) = -l**3 + 6*l**2 - 11*l + 10. Determine r(4).
-2
Let s(m) = -17*m**2 - 7*m + 7. Calculate s(1).
-17
Let m(h) = 3*h**3 - h**2 + 3*h - 2. What is m(1)?
3
Let x(w) = -5*w + 6. Give x(-7).
41
Let q(v) = -v**2 + 8*v + 5. Calculate q(7).
12
Let w(x) = x**3 - 2*x**2 - 4*x + 2. What is w(2)?
-6
Let r(c) = -c**3 - 2*c**2 + 10*c - 3. Determine r(-4).
-11
Let c(g) = 3*g - 57. Give c(30).
33
Let k(f) = -4*f**2 + 4*f + 1. Determine k(3).
-23
Let g(m) = -4*m + 2. Give g(9).
-34
Let a(l) = l + 43. Calculate a(0).
43
Let p(l) = -5*l - 1. What is p(4)?
-21
Let p(y) = 6*y + 8. Give p(4).
32
Let h(k) = 9*k - 32. Determine h(10).
58
Let g(u) = -u**2 + 16*u - 13. What is g(15)?
2
Let w(u) = 53*u - 381. What is w(7)?
-10
Let v(g) = g**2 + 8*g - 5. Give v(1).
4
Let c(q) = -q**3 - 38*q**2 + 80*q + 9. Give c(-40).
9
Let i(o) = -2*o**3 + 13*o**2 + 2*o - 56. What is i(6)?
-8
Let f(i) = 7*i - 28. Calculate f(5).
7
Let v(c) = -c**2 - 14*c - 21. Calculate v(-11).
12
Let t(i) = 4*i**2 + 157*i + 26. Give t(-39).
-13
Let b(x) = x**3 - 10*x**2 - x - 8. Give b(10).
-18
Let n(t) = t**3 + t**2 - 4*t + 3. Calculate n(-2).
7
Let t(p) = 9*p - 145. Calculate t(15).
-10
Let y(j) = -j**3 - 14*j**2 - 25*j - 8. Determine y(-12).
4
Let o(g) = -g**2 + 15*g - 7. What is o(15)?
-7
Let r(o) = -o**3 - 6*o - 14. Calculate r(0).
-14
Let k(n) = -2*n**2 - 2*n + 2. Determine k(-4).
-22
Let o(a) = -21*a - 114. What is o(-8)?
54
Let o(n) = -n**3 + 12*n**2 + n - 3. Give o(12).
9
Let s(m) = 4*m + 8. What is s(-3)?
-4
Let j(h) = -h**3 - 10*h**2 + 25*h + 10. What is j(-12)?
-2
Let v(f) = f**2 + 32*f + 189. Give v(-8).
-3
Let g(m) = -6*m**2 - 11*m - 22. Give g(-2).
-24
Let j(w) = -3*w - 15. Determine j(-8).
9
Let m(z) = -2*z**2 + 7*z - 3. What is m(4)?
-7
Let s(d) = 3*d - 1. Give s(2).
5
Let k(a) = 5*a + 13. What is k(-2)?
3
Let l(u) = 2*u - 1. Calculate l(-3).
-7
Let j(f) = -f**2 + 6*f + 18. Give j(9).
-9
Let d(f) = -4*f - 11. Give 